
Let g = 10721 + -1349. What are the prime factors of g?
2, 3, 11, 71
Let w(q) = q + 18. Let k be w(-14). Let n be (7 + -2)/(k/(-8)). List the prime factors of (-1120)/(-100) + (4/n)/2.
11
Let k(g) = 23*g**2 + g + 2. Let l be k(-1). Let s = l + -22. Suppose -4*b - 9 = s*p - 37, -5*p = 5*b - 55. List the prime factors of p.
2
Let h be -4 - (-7 + (4 - 3)). Suppose h*j + 440 = -g + 2*g, -908 = -2*g - 3*j. What are the prime factors of g?
2, 7
Let x(q) = -9*q - q**3 - 11*q**2 + 26*q**2 - 10 - 13*q**2 - 11*q**2. Let m be x(-8). What are the prime factors of m/12 + 6019/78?
7, 11
List the prime factors of 799119/102 + (10/(-4))/(-1).
17, 461
Let j = 2 - -17. Suppose 3*x - 8 - 13 = -3*c, -5*x + j = -3*c. Suppose -x*v + 132 + 403 = 0. What are the prime factors of v?
107
Let c(b) = -11*b**3 - 102*b**2 - 11*b + 11. List the prime factors of c(-11).
11, 13, 17
Suppose 15*g - 46977 - 246324 = -2*g. What are the prime factors of g?
3, 71
Let l(m) = -8*m + 34. Let n(p) = -9*p + 33. Let w(z) = 7*l(z) - 6*n(z). Let h be w(18). Suppose 0*a = -h*a + 264. List the prime factors of a.
2, 3, 11
Let d = 39 - 14. Suppose 21*l + 12 = d*l. Suppose 222 = l*s + 5*y + 25, -5*y - 315 = -5*s. What are the prime factors of s?
2
What are the prime factors of 290/4*(-11)/(-22)*184?
2, 5, 23, 29
Suppose 4*y - 115 = -23. Suppose y*v - 488 = 19*v. List the prime factors of v.
2, 61
Let i(m) = 2*m. Let l be i(-8). Let r be 48/15 - l/20. Let u(z) = 4*z**2 + z + 3. List the prime factors of u(r).
71
Let n = 1500 - 971. Suppose -14*x - 20605 = -27*x. Suppose 12*p = x - n. What are the prime factors of p?
2, 11
Let q(l) be the first derivative of -61*l**3/6 + 21*l**2/2 - 40*l + 26. Let t(o) be the first derivative of q(o). List the prime factors of t(-4).
5, 53
Let y = 10907 - 6508. What are the prime factors of y?
53, 83
Let n be (150/(-45))/(6/(-1035)). Suppose -3*a = 3*k - 438, -4*k + 3*a = -2*a - n. What are the prime factors of k?
5, 29
Let g be (2 + -8)*6/4. Let k(x) = -26*x - 3. Let l be k(4). Let m = g - l. List the prime factors of m.
2, 7
Suppose 5*u - 4*x = 121466, -1482*u = -1484*u + 2*x + 48588. List the prime factors of u.
2, 5, 7, 347
Let y(m) = -67*m - 9. Let d be y(-11). List the prime factors of 4 + -7 + d + 1.
2, 3, 11
Suppose -2666 = -c + 4715. What are the prime factors of c?
11, 61
Suppose 3*t + 1764 = -4*x, 5*t + 12*x = 8*x - 2940. Let g = 1944 + t. What are the prime factors of g?
2, 3, 113
Let h = 168 + -181. Let p = 77 - h. List the prime factors of p.
2, 3, 5
Let i be 20 - -993 - (-1 - 6). What are the prime factors of (1251/(-4))/(i/96 - 11)?
2, 3, 139
Let f = -6677 - -15774. List the prime factors of f.
11, 827
Let i = 301 + -295. What are the prime factors of ((-4)/(-30) - (-9764)/120)*i?
3, 163
Suppose -3*r + r = l - 153, -2*r = 2*l - 302. Suppose 5*m + o - l = 0, -3*o - 35 = -m + 2*o. Suppose 3*i - m = 57. What are the prime factors of i?
29
Let u be -2 - -41 - (1 - 0). Let s = -235 + 263. Let a = s + u. What are the prime factors of a?
2, 3, 11
Let z = -726 + 394. Let n = z + 380. What are the prime factors of n?
2, 3
Suppose 25*t = 174561 + 132989. List the prime factors of t.
2, 6151
Let s(k) = -216*k + 13. Let f(d) = -109*d + 5. Let w(z) = 5*f(z) - 3*s(z). List the prime factors of w(1).
89
Let w(o) be the second derivative of 133*o**5/5 + o**4/6 - 2*o**3/3 + o**2/2 - 3*o + 2. What are the prime factors of w(1)?
3, 59
Suppose 12*t - 10*t + 62 = 0. Let w = 28 + t. List the prime factors of (-13)/((w + 6)/(-9)).
3, 13
Let u(q) = -18*q + 148. Let r be u(8). Suppose r*l - 1146 + 326 = 0. What are the prime factors of l?
5, 41
Let n(q) = 43*q + 40. Suppose 3*f + 4*l = 17, -3*f - f + 33 = -5*l. Suppose 8*i - f = 41. List the prime factors of n(i).
2, 149
Let h(q) = -13*q - 49. Let x be h(-4). What are the prime factors of 12 + (-4 - x) + 1135?
2, 3, 5, 19
Suppose -51*j - 143*j + 1605544 = 0. What are the prime factors of j?
2, 2069
List the prime factors of ((-788)/8 + -26)*(-12 - 0).
2, 3, 83
List the prime factors of (-8)/(-7) - 39100/(-161).
2, 61
Let l = 31 + -25. Suppose -385 = -l*c - 157. Suppose -3*f + 15 = 0, -f - c - 36 = -h. List the prime factors of h.
79
What are the prime factors of 9/(27/4373)*3?
4373
Let y = 3 + -3. Let g(i) = 15 + 0 + 3*i**2 + i + 0*i - 2*i**2 + 4. What are the prime factors of g(y)?
19
Let b(p) = 39*p + 664. Let n be b(-17). Let c(o) = -o**3 + 5*o**2 - 3*o - 3. Let f be c(3). List the prime factors of (-6*(-27)/f - -3)/n.
2, 3, 5
Let p = 252 - 23. Suppose -2*x - 2*x - p = -3*l, 2*l = 2*x + 112. Let a = x + 77. List the prime factors of a.
2
Suppose -11*f - 21 = -18*f. Suppose -4*o + 5980 = -d, o + d - f*d = 1502. What are the prime factors of o?
2, 3, 83
List the prime factors of -4*((-10950)/24 + -12).
1873
Let k be 384 + ((-56)/(-35) - (-4)/10). Let t = 670 - k. What are the prime factors of t?
2, 71
Suppose -3*o - 40 + 133 = 0. Let f = o + -29. List the prime factors of (0 - 6)/(f/(-5)).
3, 5
Let j = -836 + -36. Let q = j - -1483. List the prime factors of q.
13, 47
Let g be 4782/2 + (15 - 12). Suppose -4*l = 7*m - 10*m + g, -m = 5*l - 798. What are the prime factors of m?
2, 3, 7, 19
Suppose 2*m + y - 1136 = -3*m, 0 = m + y - 224. Let d = m - 33. What are the prime factors of 3/(-2 + d/96)?
2, 3
Suppose 186495 = 7*y + 34420. Suppose -j = 24*j - y. List the prime factors of j.
11, 79
Suppose 7757 = 68*z - 109543. List the prime factors of z.
3, 5, 23
Let v = -30 - -36. Let b(j) = j**3 - 5*j**2 - 5*j - 6. Let o be b(v). Suppose 2*a - 176 = 5*c, -5*c + 8 - 18 = o. What are the prime factors of a?
83
Suppose -14*r = r - 180. Let z = -69 + r. Let d = -16 - z. List the prime factors of d.
41
Suppose -8*j + 10*j - 6 = 0. Suppose -j*p = 6*p - 342. Suppose 4*q - x = 211 + p, -4*x + 264 = 4*q. List the prime factors of q.
3, 7
What are the prime factors of ((-32272)/(-18))/((-670)/(-3015))?
2, 2017
Suppose 7*s + 120 = 22*s. What are the prime factors of (-20652)/(-48) + (-2)/s?
2, 5, 43
Suppose -x = -0*x - 3. Let w be (-8 + -4)/(-3) + -38 + 35. Suppose -x*m - 4*n = 4, m + 2*n + w = -3. List the prime factors of m.
2
Let q = -523 + 1578. Let w = q + -401. What are the prime factors of w?
2, 3, 109
Let s = -47 + 50. Suppose s*r + 4*b = b + 21, -2*r + 18 = 4*b. What are the prime factors of -2*r/2 - -117?
2, 7
Let b be (-11)/4*(3 + -47). Let i = b - 111. What are the prime factors of (-2)/(i/(-175)) - -2?
37
Suppose 3*c - 9*g + 13*g = 20, 4*c - 4*g = 36. Suppose 3*t = c*t - 2680. List the prime factors of t.
2, 67
Suppose 3*o = -3*s, -13*o - 5*s = -12*o + 8. List the prime factors of 2/o*767 - -2.
769
Suppose 518*t + 21876 = 522*t. What are the prime factors of t?
3, 1823
Let b be (-16)/104 + 4/26. Suppose 4*g + 3*t + 115 = b, -17 = 2*g - 4*t + 35. List the prime factors of (-1016)/g + 4/(-14).
2, 3
Suppose 2*b + 265284 = 4*f, 78*b - 24 = 82*b. What are the prime factors of f?
2, 3, 7, 1579
Suppose -16*s - s = -306. Let f(i) = i**3 - 19*i**2 + 24*i + 11. What are the prime factors of f(s)?
7, 17
Let v = -192 - -274. Let j = -67 + v. List the prime factors of j.
3, 5
Let m = -11515 + 13479. List the prime factors of m.
2, 491
Let q(f) = 4*f**2 - 8*f - 762. List the prime factors of q(-32).
2, 5, 359
Let f(x) = x**2 + 4*x - 7. Let q be f(-4). Let t be (-4)/((-12)/q) + 2/6. List the prime factors of 6*(-9)/t + 2.
29
Let w(r) be the second derivative of 13*r**4/6 + r**3/6 + 2*r**2 - 200*r. Let q be 2/4*-1*-6. List the prime factors of w(q).
241
What are the prime factors of (-16400)/30*96/(-40)?
2, 41
Let k(g) = -11 - 25*g - 2*g**2 - 11 + 8*g**2 - 7*g**2. Let r be k(-24). Suppose b - 99 = -3*t, -b - 19 = -r*t - 93. What are the prime factors of b?
2, 3, 7
Suppose 5*p + 3663 - 14452 = -4*d, -d = -p - 2704. List the prime factors of d.
37, 73
Let l = -9370 - -21430. What are the prime factors of l?
2, 3, 5, 67
Suppose 0 = 2336*v - 2296*v - 888280. What are the prime factors of v?
53, 419
Let u(f) = 24*f**2 - 49*f - 692. What are the prime factors of u(-12)?
2, 419
Suppose -2*x + 403 = -x. Let a = -280 + x. Suppose 0 = 3*u + 4*f - a, -2*u - 2*f - 31 = -3*u. What are the prime factors of u?
37
Let m be (-2)/(-8) - 591/(-4). Let u(z) = -z**2 - 53*z - 434. Let p be u(-45). Let s = p + m. List the prime factors of s.
2, 37
Suppose -34